12 - 2*s**2 + 19*s. Give k(z).
-4
Let q = 0 - -3. Let b(c) = 13*c**3 + 7*c**2 + 5*c + 15. Let o(j) = -7*j**3 - 4*j**2 - 3*j - 8. Let s(i) = -6*b(i) - 11*o(i). Determine s(q).
-2
Let p(j) = j**2 + 7*j + 8. Let o be p(-6). Let z(y) = o*y - 2*y - 3*y. Calculate z(-3).
9
Let g be (-3 + 3 + -1)/((-1)/3). Let r(d) = -11*d**3 + 17*d**2 + d + 13. Let s(t) = -5*t**3 + 8*t**2 + 6. Let l(c) = 4*r(c) - 9*s(c). What is l(g)?
1
Suppose 0 = 3*g + 56 - 50. Let y(q) = -2*q**2. What is y(g)?
-8
Let z(s) = -s + 2. Let y be z(2). Suppose 9*c - 13*c + 12 = y. Let l(a) = a**3 - 2*a**2 - 3*a + 3. What is l(c)?
3
Let w(q) = -q**2 - 4*q + 2. Let u be 25/(-5) + (-4)/(-4). Calculate w(u).
2
Let g(w) = -w**2 + 7*w + 1. Let q(o) = -o. Let v(c) = -g(c) - 4*q(c). Suppose -i - t + 4*t = 11, 2*i = -t - 1. Let s be (-1*i*3)/2. Determine v(s).
-1
Let c be (-3*1)/(5/(-5)). Let b(t) = -2*t**2 + 2*t - 4. Let g(u) = -5*u**2 + 5*u - 8. Let y(m) = -7*b(m) + 3*g(m). Determine y(c).
-2
Let i(b) = b**3 - 6*b**2 + 5. Let n be i(6). Let j(t) = 2*t + 1. Let c(s) = 1. Let g(m) = 6*c(m) - j(m). Calculate g(n).
-5
Let u(w) be the second derivative of 2*w + 0 - 3/2*w**2 - 7/6*w**3 + 1/12*w**4. Calculate u(6).
-9
Suppose 0*n + 3*n - 6 = 0. Suppose 4*i = -n*a + a - 9, -2*i + 4*a + 18 = 0. Let q(u) = 5*u - 1. Give q(i).
-6
Suppose 12 = o - 3*o. Let n(g) = g**2 + 5*g - 2. Let h be n(o). Let j(y) = 7 - 4 + 19*y - 22*y. Determine j(h).
-9
Let r be (2 + -3 - 0/3)*1. Let d(x) = -10*x**3 - 2*x**2 + 1. What is d(r)?
9
Let m(l) = 41*l**2 - 5*l + 9. Let b(a) = -10*a**2 + a - 2. Suppose -2*y + 6 = -0*y - 5*p, 2*p + 4 = 0. Let z(j) = y*m(j) - 9*b(j). What is z(-1)?
7
Let x(k) = -k**3 - 5*k**2 - k + 5. Suppose 7 = 3*w + 22. Give x(w).
10
Let y(t) = t - 4. Let k = -16 - -21. Let f be y(k). Let h(m) = -10*m**2. Give h(f).
-10
Let b = -13 + 16. Let y(u) = -u - b*u - 2*u + 4*u. Let r(c) = -c**2 + 3*c + 6. Let a be r(5). Calculate y(a).
8
Let x = -9 - -9. Let d(m) = -4*m**2 + x - 1 + 12*m**2 - 6*m**2. Let i(n) = -2*n + 2. Let l be i(2). Calculate d(l).
7
Let k(r) = -3*r - 6*r**2 - 5 + 5*r**2 - 3*r + 2*r**2. Calculate k(6).
-5
Suppose 0*x + 3*x = 3. Let d(u) = u - 1. Let n(g) be the third derivative of -g**4/6 + g**2. Let f(z) = x*n(z) + 3*d(z). What is f(0)?
-3
Let w(y) = -y**3 + 4*y - 3. Let h(q) = 2*q + 14. Suppose -5*j + 10 = 0, 3*z + 4*j - 20 = 5*z. Let v be h(z). Determine w(v).
-3
Let g(a) = 36 - 35 - 6*a + 7*a. Let u(j) = j**2 + 4. Let d be (-23)/(-7) + 2/(-7). Let w(z) = d*g(z) - u(z). Give w(4).
-5
Let i be -2 - (-1 + -11)/3. Let u be 0/2 + i - 5. Let o(n) = -n**2 + n + 3. Calculate o(u).
-9
Let j(n) be the first derivative of n**3/3 - n**2/2 - n + 4. Determine j(-1).
1
Suppose -2*v - 5 = -1. Let b(c) = c - c - 2*c. Determine b(v).
4
Let v(c) = 13*c**3 - 14*c**2 + 25*c - 1. Let t(i) = 7*i**3 - 7*i**2 + 13*i. Let j(w) = -11*t(w) + 6*v(w). Calculate j(6).
0
Let i(m) = -m**2 + 5*m + 2. Suppose -3*s = 3*o + s - 40, -4*s = 5*o - 56. Let p = o - 4. Let b = 0 + p. Give i(b).
6
Let c(s) = -1 - 2*s + s - 5*s. Let l(d) = -d**2 - 3*d + 2. Let m be l(-4). What is c(m)?
11
Let b(v) be the second derivative of v**5/10 - v**3/6 - v**2 + 9*v. Let h(r) be the first derivative of b(r). Calculate h(-1).
5
Let b(v) = 3*v - 3. Let m be 2/(-2) - (1 + -2 + 4). Give b(m).
-15
Let t(x) = 9*x**3 - 17*x**2 + 6*x - 10. Let l(c) = 5*c**3 - 9*c**2 + 3*c - 5. Let f = -15 - -9. Let h(i) = f*t(i) + 11*l(i). Give h(-4).
1
Let p(d) = d**2 - 8*d + 1. Let b be 0 - (-9 + 2) - 0. What is p(b)?
-6
Let u(z) = -z + 9. Let s be u(7). Suppose 4*w - 26 - 6 = -4*f, s*f - 25 = -5*w. Let o(k) = -3*k - 1. Give o(w).
-10
Let c(i) be the second derivative of 5*i**3/3 + 5*i**2/2 - 3*i. Let y(l) = l + 1. Let f(q) = c(q) - 5*y(q). Let z(h) = -h - 4. Let n be z(-5). Determine f(n).
5
Suppose -2*h = 4*s - 30, 2*s - 4*s + 2*h + 6 = 0. Let b(c) = c**3 - 7*c**2 + 5*c - 1. Calculate b(s).
-7
Let o(d) = -d**3 + d**2 + d + 5. Suppose 0 = b + b + 2*z - 2, -5*b - 3*z + 3 = 0. Suppose -3*h = -b*h. Determine o(h).
5
Suppose -2*d - 27 = -21. Let z(l) = -l**2 - 10*l - 1. Let j(m) = -m**2 - 9*m - 2. Let u(g) = d*j(g) + 2*z(g). Determine u(-5).
-6
Let s(m) be the first derivative of -m**3/3 + m**2/2 - 8*m - 2. Calculate s(0).
-8
Suppose -63 + 19 = 4*o. Let b(g) = -21*g**2 - 10*g - 6. Let f(i) = 4*i**2 + 2*i + 1. Let x(n) = o*f(n) - 2*b(n). What is x(2)?
-11
Let w be 2/(-7) + ((-300)/14)/(-5). Let j(k) = 6*k - 2*k**3 - k - 2 + 3*k**2 + k**3. Calculate j(w).
2
Let d(q) = -6 - 30*q + 3 + 25*q. What is d(-4)?
17
Let b(z) = -z**2 + 14*z - 17. Let y be b(13). Let t(d) be the third derivative of d**4/24 - d**3/6 + d**2. Calculate t(y).
-5
Let h(o) be the second derivative of -o**2 + 0 + 1/12*o**4 - 2/3*o**3 + 6*o. Let u be 5 + -2 + 4 + -2. What is h(u)?
3
Let d(l) be the third derivative of -l**5/60 - l**4/6 - l**3 - 7*l**2. Calculate d(-4).
-6
Let t(f) = -4*f - 3. Suppose 0 = d + 2 - 0. Give t(d).
5
Let b(i) = 2*i**2 + 5*i + 5. Let n be b(-2). Let y(w) = -w**3 + 2*w**2 + 2*w + 1. Determine y(n).
-2
Let i = 5 + -1. Let k(b) be the third derivative of b**4/12 - 2*b**3/3 + b**2. What is k(i)?
4
Suppose -f - 2 = -6. Let j be (-3 + 2)*(f + 1). Let r(o) = -6*o - 8. Let y(c) = -7*c - 9. Let q(l) = -5*r(l) + 4*y(l). Give q(j).
-6
Suppose -4*h - 17 = -321. Let c be (-1)/(-3) - h/(-6). Let y = c - 8. Let a(x) = 2*x - 5. What is a(y)?
5
Let k(u) = -6*u**2 - u - 1. Let w = 2 + -10. Let x = -9 - w. Calculate k(x).
-6
Let v(l) = -l**3 + 7*l**2 + l - 6. Let t be v(7). Let j(c) = 5*c**3 + c. Give j(t).
6
Let x(i) be the third derivative of 2*i**3 + 0*i**4 + 0 + 2*i**2 + 0*i - 1/60*i**5. Determine x(0).
12
Let q(z) = 5*z**2 - 4*z**2 + 3*z - 2*z**2. What is q(4)?
-4
Let l(j) = -j + 4. Suppose 0 = n - 0*n. Let i be (-6)/((2 - n) + 0). Give l(i).
7
Let s(p) = -p**3 - 3*p**2 + 4*p - 1. Suppose 0 = 2*v + 3*v - 10. Let o(k) = 0*k**v + k**3 + 0*k**2 + k**2. Let j be o(-2). What is s(j)?
-1
Let q(k) be the first derivative of -4*k + 3 + 0*k**2 + 1/3*k**3. Suppose 2*z = 4*z + 6. What is q(z)?
5
Suppose -3*i - 1 + 19 = 0. Let u(d) = d**3 - 7*d**2 + 6*d + 7. Give u(i).
7
Suppose -i + 0 + 5 = 0. Suppose -2*x + 3*x - 4 = 0. Let l(s) = 5 + x*s - 5*s - 2*s. What is l(i)?
-10
Let u(c) = 4 + 2 - 3*c**2 + 2*c**2 - 4*c - 2*c. Let p = -9 - -3. What is u(p)?
6
Let c(i) = -2*i**3 - 4*i**2 + 3*i - 3. Let x = -11 - -14. Let m(k) = 6*k**3 + 11*k**2 - 8*k + 8. Let t(l) = x*m(l) + 8*c(l). What is t(-1)?
-1
Let s(w) = 2*w + 9*w**2 - 3*w - 11*w**2. What is s(2)?
-10
Let r(t) = 2*t**3 - 2. Let j be (1/(-2))/((-5)/(-10)) - 1. What is r(j)?
-18
Let m(d) = d + 8. Let y be m(-6). Let t(w) = 4*w - 3*w**2 + 6 - w**y + 5*w**2. Calculate t(-4).
6
Suppose a = 2*s - 3 - 3, 0 = -5*s + 2*a + 14. Let l(q) = -2*q**3 + s*q**3 + 1 + 4*q**2 + 3*q - q**3. What is l(4)?
13
Let t(q) be the third derivative of q**5/60 - q**4/24 - q**3/6 + q**2. Let z(l) = -l**3 + 7*l**2 - 6*l + 3. Let r be z(6). What is t(r)?
5
Suppose 0 = -2*x + 6*x - 20. Let y = 6 - x. Let d(g) be the first derivative of -3*g**2 + g - 1. Determine d(y).
-5
Let i(d) be the third derivative of d**6/120 + d**5/15 + d**4/8 + d**3/2 + 11*d**2. Give i(-3).
3
Let v(l) be the third derivative of -l**4/24 - l**3 + 21*l**2. Give v(7).
-13
Let m be -1 - (2 + -1)/1. Suppose 2 = -2*o - 3*h + 12, 0 = -4*o + 4*h. Let z(u) = -2*u - o - 2*u - 1. Give z(m).
5
Let n(f) = -f**2 + 10*f - 12. Let j be n(9). Let b(h) = -2*h**3 - 5*h**2 - 2*h + 1. Determine b(j).
16
Suppose -3*k = -4*j - 21, -5*k + 5 + 4 = 2*j. Suppose -1 - k = -m, -2*m + 14 = -2*c. Let r(i) = i**2 + 2*i - 2. Give r(c).
1
Let d(m) = m**3 + 4*m**2 + 2*m + 6. Let g = -11 + 16. Let a be (-2 + g - -1)/(-1). Calculate d(a).
-2
Let y be 2/9 - (-43)/9. Suppose 5*i - y = 15. Let u(j) = 2*j - 4*j + 3 - i - 2*j**2. Determine u(-2).
-5
Suppose i = 6*i - 20. Suppose 30 = 4*r + 5*v, -6 = i*v - 14. Suppose -3*k + 8*k = -r*j, 2*k + 5 = -3*j. Let w(p) = -p**2 + 5*p + 5. Give w(k).
5
Let n be ((-2)/(-3))/((-2)/12). Let f be 1*(-2 + n/(-1)). Suppose 12 = -f*d - 5*v, 4*d = -2*v + 4*v. Let u(a) = 5*a**2 + 1. What is u(d)?
6
Let d(s) be the second derivative of -s**3/2 + 3*s**2/2 + 13*s. Calculate d(4).
-9
Let l(i) = -i**2 - 6*i - 2. Let d(p) = p**3 - 6*p**2 - 8*p + 8. Let g be d(7). Let q be -1 - (3 - (g + -2)). What is l(q)?
3
Let k(i) = 174 - 174